{"id":3259,"date":"2021-04-19T19:47:49","date_gmt":"2021-04-19T19:47:49","guid":{"rendered":"https:\/\/www.geoinova.com\/autodesk\/?page_id=3259"},"modified":"2023-12-01T12:33:24","modified_gmt":"2023-12-01T10:33:24","slug":"revit","status":"publish","type":"page","link":"https:\/\/www.geoinova.com\/autodesk\/revit\/","title":{"rendered":"Revit<sup>\u00ae<\/sup> 2024"},"content":{"rendered":"\t\t<div data-elementor-type=\"wp-page\" data-elementor-id=\"3259\" class=\"elementor elementor-3259\" data-elementor-post-type=\"page\">\n\t\t\t\t\t\t<section class=\"elementor-section elementor-top-section elementor-element elementor-element-687852b elementor-section-boxed elementor-section-height-default elementor-section-height-default\" data-id=\"687852b\" data-element_type=\"section\" data-e-type=\"section\">\n\t\t\t\t\t\t<div class=\"elementor-container elementor-column-gap-default\">\n\t\t\t\t\t<div class=\"elementor-column elementor-col-50 elementor-top-column elementor-element elementor-element-21cd750\" data-id=\"21cd750\" data-element_type=\"column\" data-e-type=\"column\">\n\t\t\t<div class=\"elementor-widget-wrap elementor-element-populated\">\n\t\t\t\t\t\t<div class=\"elementor-element elementor-element-67a4b85 elementor-align-left elementor-mobile-align-center elementor-widget elementor-widget-button\" data-id=\"67a4b85\" data-element_type=\"widget\" data-e-type=\"widget\" data-widget_type=\"button.default\">\n\t\t\t\t<div class=\"elementor-widget-container\">\n\t\t\t\t\t\t\t\t\t<div class=\"elementor-button-wrapper\">\n\t\t\t\t\t<a class=\"elementor-button elementor-button-link elementor-size-md\" href=\"#elementor-action%3Aaction%3Dpopup%3Aopen%26settings%3DeyJpZCI6IjgwOTUiLCJ0b2dnbGUiOmZhbHNlfQ%3D%3D\" target=\"_blank\">\n\t\t\t\t\t\t<span class=\"elementor-button-content-wrapper\">\n\t\t\t\t\t\t\t\t\t<span class=\"elementor-button-text\">Probna verzija<\/span>\n\t\t\t\t\t<\/span>\n\t\t\t\t\t<\/a>\n\t\t\t\t<\/div>\n\t\t\t\t\t\t\t\t<\/div>\n\t\t\t\t<\/div>\n\t\t\t\t\t<\/div>\n\t\t<\/div>\n\t\t\t\t<div class=\"elementor-column elementor-col-50 elementor-top-column elementor-element elementor-element-a2585dc\" data-id=\"a2585dc\" data-element_type=\"column\" data-e-type=\"column\">\n\t\t\t<div class=\"elementor-widget-wrap elementor-element-populated\">\n\t\t\t\t\t\t<div class=\"elementor-element elementor-element-aefc54d elementor-align-right elementor-mobile-align-center elementor-widget elementor-widget-button\" data-id=\"aefc54d\" data-element_type=\"widget\" data-e-type=\"widget\" data-widget_type=\"button.default\">\n\t\t\t\t<div class=\"elementor-widget-container\">\n\t\t\t\t\t\t\t\t\t<div class=\"elementor-button-wrapper\">\n\t\t\t\t\t<a class=\"elementor-button elementor-button-link elementor-size-md\" href=\"#elementor-action%3Aaction%3Dpopup%3Aopen%26settings%3DeyJpZCI6Ijc4NDkiLCJ0b2dnbGUiOmZhbHNlfQ%3D%3D\">\n\t\t\t\t\t\t<span class=\"elementor-button-content-wrapper\">\n\t\t\t\t\t\t\t\t\t<span class=\"elementor-button-text\">Po\u0161alji upit<\/span>\n\t\t\t\t\t<\/span>\n\t\t\t\t\t<\/a>\n\t\t\t\t<\/div>\n\t\t\t\t\t\t\t\t<\/div>\n\t\t\t\t<\/div>\n\t\t\t\t\t<\/div>\n\t\t<\/div>\n\t\t\t\t\t<\/div>\n\t\t<\/section>\n\t\t\t\t<section class=\"elementor-section elementor-top-section elementor-element elementor-element-3310988 elementor-section-boxed elementor-section-height-default elementor-section-height-default\" data-id=\"3310988\" data-element_type=\"section\" data-e-type=\"section\">\n\t\t\t\t\t\t<div class=\"elementor-container elementor-column-gap-default\">\n\t\t\t\t\t<div class=\"elementor-column elementor-col-100 elementor-top-column elementor-element elementor-element-0e6f147\" data-id=\"0e6f147\" data-element_type=\"column\" data-e-type=\"column\">\n\t\t\t<div class=\"elementor-widget-wrap elementor-element-populated\">\n\t\t\t\t\t\t<div class=\"elementor-element elementor-element-2e98683 elementor-widget elementor-widget-text-editor\" data-id=\"2e98683\" data-element_type=\"widget\" data-e-type=\"widget\" data-widget_type=\"text-editor.default\">\n\t\t\t\t<div class=\"elementor-widget-container\">\n\t\t\t\t\t\t\t\t\t<p class=\"p1\"><b><i>Autodesk Revit<\/i><\/b> je sveobuhvatno softversko re\u0161enje za Building Information Modeling (BIM) u gra\u0111evinarstvu koje slu\u017ei za postizanje efikasnosti i ta\u010dnosti tokom \u017eivotnog ciklusa projekta, od idejnog dizajna, vizuelizacije i analize do izrade i konstrukcije. Kroz rad na 3D modelu unapre\u0111en je pristup projektovanju, omogu\u0107ena je i analiza projektnih ideja, kao i interpretacija va\u0161e vizije kroz sve faze projekta i sasvim novi na\u010din saradnje sa ostalim u\u010desnicima na projektu.<span class=\"Apple-converted-space\">\u00a0<\/span><\/p><p class=\"p2\">Omogu\u0107ava kvalitetnije upravljanje individualnim i\/ili timskim procesima i isporu\u010divanje potpunije projektne dokumentacije. Sve informacije se pohranjuju u jednoj bazi, a promene informacija i parametara, na jednom mestu, se automatski a\u017euriraju kroz celi projekat \u010dime se smanjuje mogu\u0107nost gre\u0161aka i propusta.<\/p><p class=\"p2\"><b><i>Autodesk<\/i> Revit za arhitekturu<\/b><\/p><p class=\"p1\">Obezbe\u0111uje odr\u017eivost dizajna gra\u0111evine, planiranje konstrukcije kao i saradnju sa ostalim u\u010desnicima u projektovanju. Omogu\u0107ava slobodno skiciranje, brzo i jednostavno kreiranje 3D oblika i interaktivno manipulisanje modelom. Podr\u017eava ranu analizu gra\u0111evine, obezbe\u0111uje vi\u0161e informacija na osnovu kojih je mogu\u0107e kreirati kvalitetnije i sigurnije odluke ve\u0107 na samom po\u010detku projekta. Pru\u017ea mogu\u0107nost da se na vreme defini\u0161u povr\u0161ine i zapremine, orjentacije pri dnevnom svetlu kao i energetska analiza gra\u0111evine. Rad u ovom softveru prilago\u0111en je na\u010dinu na koji razmi\u0161ljaju arhitekti prilikom projektovanja. Autodesk Revit sadr\u017ei opse\u017enu biblioteku detalja i alata za izradu detalja kao i mogu\u0107nost kreiranja i izrade fotorealisti\u010dnih projektinih ideja i okru\u017eenja. Kreiranjem fotorealisti\u010dne vizuelizacije dobijamo jasnu sliku gra\u0111evine i pre nego \u0161to je sagra\u0111ena.<span class=\"Apple-converted-space\">\u00a0<\/span><\/p><p class=\"p2\"><b><i>Autodesk<\/i> Revit za konstrukciju<\/b><span class=\"Apple-converted-space\">\u00a0<\/span><\/p><p class=\"p2\">Unapre\u0111uje rad projektanata konstrukcija. Slu\u017ei za projektovanje konstrukcija, analizu, koordinaciju i izradu projektne dokumentacije. Smanjuje broj radnji prilikom projektovanja, kao i mogu\u0107nost gre\u0161aka do kojih mo\u017ee do\u0107i tokom saradnje izme\u0111u projektanata konstrukcije i ostalih tehni\u010dkih struka koje rade na projektu. Program smanjuje vreme za izradu tehni\u010dkih nacrta i detalja kao i celokupne projektne dokumentacije. Analiti\u010dki modeli kreirani s Autodesk Revitom sadr\u017ee informacije kao \u0161to su optere\u0107enja i dimenzije konstrukcijskih elemenata.<span class=\"Apple-converted-space\">\u00a0<\/span><\/p><p class=\"p1\">Autodesk Revit omogu\u0107ava korisnicima da lako vr\u0161e promene prilikom projektovanja, da razviju i prou\u010de sva alternativna re\u0161enja projekta pre finalnih odluka, kao i da puno lak\u0161e prezentuju celi projekat konstrukcije investitoru.<\/p><p class=\"p2\"><b><i>Autodesk <\/i>Revit za instalacije<\/b><span class=\"Apple-converted-space\">\u00a0<\/span><\/p><p class=\"p2\">Slu\u017ei za projektovanje instalacija u gra\u0111evinarstvu kao i kontrolu sudara izme\u0111u elemenata instalacija i elemenata gra\u0111evine ili instalacija razli\u010ditih struka. Zahvaljuju\u0107i mogu\u0107nosti precizne vizualizacije instalacija ve\u0107 u fazi projektovanja, in\u017eenjeri mogu pravovremeno donositi odluke, \u0161to rezultuje boljim, kvalitetnijim, ta\u010dnijim i jeftinijim projektima. \u0160tedi vreme izrade projekata, te elimin\u0161e izmene u fazi izvo\u0111enja. Revit za instalacije obuhvata alate za sisteme grejanja, hla\u0111enja i ventilacije, elektri\u010dne instalacije, vodovod i kanalizaciju. Revit nije samo aplikacija za 3D modelovanje instalacija, ve\u0107 su u instalacijama sadr\u017eane i sve dodatne informacije kao \u0161to su protok, brzina, pad pritiska, dimenzije i materijal cevi, dimenzije i materijal ventilacijskih kanala itd.<\/p>\t\t\t\t\t\t\t\t<\/div>\n\t\t\t\t<\/div>\n\t\t\t\t<div class=\"elementor-element elementor-element-6cfc68b elementor-widget elementor-widget-video\" data-id=\"6cfc68b\" data-element_type=\"widget\" data-e-type=\"widget\" data-settings=\"{&quot;video_type&quot;:&quot;hosted&quot;,&quot;controls&quot;:&quot;yes&quot;}\" data-widget_type=\"video.default\">\n\t\t\t\t<div class=\"elementor-widget-container\">\n\t\t\t\t\t\t\t<div class=\"e-hosted-video elementor-wrapper elementor-open-inline\">\n\t\t\t\t\t<video class=\"elementor-video\" src=\"https:\/\/www.geoinova.com\/autodesk\/wp-content\/uploads\/2021\/04\/03-revit-overview-video-1920x1080-v1.mp4\" controls=\"\" preload=\"metadata\" controlsList=\"nodownload\"><\/video>\n\t\t\t\t<\/div>\n\t\t\t\t\t\t<\/div>\n\t\t\t\t<\/div>\n\t\t\t\t\t<\/div>\n\t\t<\/div>\n\t\t\t\t\t<\/div>\n\t\t<\/section>\n\t\t\t\t<\/div>\n\t\t","protected":false},"excerpt":{"rendered":"<p>Probna verzija Po\u0161alji upit Autodesk Revit je sveobuhvatno softversko re\u0161enje za Building Information Modeling (BIM) u gra\u0111evinarstvu koje slu\u017ei za postizanje efikasnosti i ta\u010dnosti tokom \u017eivotnog ciklusa projekta, od idejnog dizajna, vizuelizacije i analize do izrade i konstrukcije. Kroz rad na 3D modelu unapre\u0111en je pristup projektovanju, omogu\u0107ena je i analiza projektnih ideja, kao i&hellip;<\/p>\n","protected":false},"author":3,"featured_media":3028,"parent":0,"menu_order":0,"comment_status":"closed","ping_status":"closed","template":"","meta":{"_monsterinsights_skip_tracking":false,"_monsterinsights_sitenote_active":false,"_monsterinsights_sitenote_note":"","_monsterinsights_sitenote_category":0},"class_list":["post-3259","page","type-page","status-publish","has-post-thumbnail","hentry","description-off"],"aioseo_notices":[],"_links":{"self":[{"href":"https:\/\/www.geoinova.com\/autodesk\/wp-json\/wp\/v2\/pages\/3259","targetHints":{"allow":["GET"]}}],"collection":[{"href":"https:\/\/www.geoinova.com\/autodesk\/wp-json\/wp\/v2\/pages"}],"about":[{"href":"https:\/\/www.geoinova.com\/autodesk\/wp-json\/wp\/v2\/types\/page"}],"author":[{"embeddable":true,"href":"https:\/\/www.geoinova.com\/autodesk\/wp-json\/wp\/v2\/users\/3"}],"replies":[{"embeddable":true,"href":"https:\/\/www.geoinova.com\/autodesk\/wp-json\/wp\/v2\/comments?post=3259"}],"version-history":[{"count":10,"href":"https:\/\/www.geoinova.com\/autodesk\/wp-json\/wp\/v2\/pages\/3259\/revisions"}],"predecessor-version":[{"id":8101,"href":"https:\/\/www.geoinova.com\/autodesk\/wp-json\/wp\/v2\/pages\/3259\/revisions\/8101"}],"wp:featuredmedia":[{"embeddable":true,"href":"https:\/\/www.geoinova.com\/autodesk\/wp-json\/wp\/v2\/media\/3028"}],"wp:attachment":[{"href":"https:\/\/www.geoinova.com\/autodesk\/wp-json\/wp\/v2\/media?parent=3259"}],"curies":[{"name":"wp","href":"https:\/\/api.w.org\/{rel}","templated":true}]}}